Let d = -435 + 1187. Let t = d + -397. Is t a prime number?
False
Suppose 10637 = -296*j + 307*j. Is j composite?
False
Let l = 106 + -74. Let u = l - 29. Suppose 113 = u*h + n + 3*n, -4*h = -3*n - 184. Is h a composite number?
False
Let a(d) = 6*d**2 - 1. Let h be a(1). Suppose -5*y = -4*k - y - 16, 0 = -k - 2*y + h. Is k + 2 - (1 + (-724)/4) a prime number?
True
Suppose -5833517 = -267*l + 56*l. Is l a prime number?
True
Is ((-4)/(-20))/((-68)/(-104219860)) composite?
False
Suppose -5*t - k + 3708299 = 0, 43*k + 2966620 = 4*t + 47*k. Is t a composite number?
False
Suppose -17187 + 5573 = -2*o. Let c = o + 582. Is c a prime number?
True
Suppose -5 - 6 = -2*i - 3*b, -3*b + 7 = i. Suppose i*o + 21 - 1 = z, -2*o - 4 = 0. Let j = z - -829. Is j a prime number?
False
Let j be (-2 + 5)*(-1804)/6. Let a = j - -2115. Is a composite?
False
Let d = 474 - 1024. Let j = d - -6177. Is j prime?
False
Suppose 159*m + 87514746 = 405*m. Is m a composite number?
True
Let n = 218 + -151. Suppose n = 7*m + 11. Suppose 3*y - 4*d - 1919 = -m*d, 0 = -4*d - 4. Is y a prime number?
True
Let r(f) be the first derivative of 1693*f**2/2 - 62*f - 89. Is r(7) composite?
False
Let c(s) = 17*s**2 - 6*s - 1119. Is c(-52) prime?
True
Let d = 245 - 121. Let n(z) = -z - 52. Let g be n(-17). Let q = d - g. Is q composite?
True
Let w(l) = 1856*l**2. Let x be w(-1). Let k(y) = 7*y + 83. Let b be k(-11). Suppose -1138 - x = -b*g. Is g composite?
False
Let f = -24261 + 40464. Suppose -5*a - f = -3*d, 6*d - 10802 = 4*d - 3*a. Is d composite?
True
Suppose -63*o - 3*r + 13252 = -58*o, 4*o - 3*r - 10607 = 0. Is o composite?
True
Let y be (-521495)/(-25) - (-2)/10. Suppose -4*h = 3*p - 24213, 3*h - 3*p - y + 2716 = 0. Is h composite?
True
Let n be 10/6 + -1 + 6083/33. Suppose -n*p + 190*p = 1535. Is p prime?
True
Let t be 3/(2/2) + -2. Let j be 1454 + (-4 - -5) + t. Let i = 2999 - j. Is i a composite number?
False
Suppose -5*j - 13 = -2*a + 10, -4*a + j = -19. Suppose -k = a*k - 2605. Is k prime?
True
Let c = 134454 - 50009. Is c prime?
False
Let n = -42331 + 71825. Is n prime?
False
Let g = 249852 + -22613. Is g prime?
False
Let g(b) = -8*b - 7. Let m be g(-2). Suppose o + m*o = 22150. Is o composite?
True
Suppose -8*a = -0*a - 2365348 - 1911684. Is a prime?
True
Let l(x) be the third derivative of -x**5/60 - 97*x**4/24 - 59*x**3/6 + 5*x**2 + 14. Is l(-46) a prime number?
True
Suppose 0 = -5*q + 9*q - 4*b - 552440, -4*q + b + 552437 = 0. Is q a composite number?
True
Let f(o) = 3*o**2 + 90*o + 9. Let p be f(-30). Suppose -37*b + p*b = -46396. Is b a composite number?
False
Suppose 72*h + 2309140 = 92*h. Is h prime?
False
Suppose 0 = -p - 3*l + 38, 5*p + 9*l = 5*l + 135. Suppose 0 = p*n - 11623 - 10434. Is n a prime number?
False
Let k(j) = 1137*j - 41 + 159 + 186. Is k(5) a composite number?
True
Suppose 0 = 25*q - 1348944 - 4311181. Is q prime?
False
Suppose 0 = 133*a - 173*a + 916040. Is a a prime number?
True
Suppose -495 = 7*d - 565. Is (d*-1)/(-2) + 17 + 5467 a composite number?
True
Suppose -76*x + 74*x + 91649 = c, -366612 = -4*c - 4*x. Is c a composite number?
True
Suppose -3*p = 61990 - 140775 - 131602. Is p a prime number?
False
Let f be 2 + -3 - (-1)/((-6)/8844). Let y = f + 4302. Is y a composite number?
True
Suppose -12*g + 11*g + 45447 = 5*t, -10*g + 4*t + 454254 = 0. Is g a prime number?
True
Let j(w) = 146*w**2 + 3*w - 24. Let d be j(16). Suppose 3*z + d = 13*z. Let r = z - 2082. Is r composite?
True
Let x(a) = 89*a**2 - 4*a + 2. Let y be x(1). Suppose -3*n + 3*i + 42 = 2*i, -4*i = 5*n - y. Is n a composite number?
True
Let o(g) = -2*g - 1. Let d(y) = y**2 + 2*y + 1. Let b(i) = -4*d(i) - 3*o(i). Let l be b(-1). Is (-8)/(l - -1) - -553 a composite number?
False
Suppose 61 = 3*k - 4*d - 5, 0 = 3*k - d - 66. Let j(r) = 24*r - 89. Is j(k) a composite number?
False
Let u(r) = r**3 + 59*r**2 + 24*r + 1. Suppose -61*o - 666 = 1591. Is u(o) prime?
True
Suppose -9*b + 160 = -b. Is (-1)/(-5) - ((-63596)/b + -1) a prime number?
True
Suppose -3*k + 4*x - 144 = -2*k, -2*k = -4*x + 272. Let v = 24199 + k. Is v a prime number?
True
Suppose -21*j - 3*b - 847327 = -26*j, 3*j + b = 508413. Is j prime?
False
Let i be (-4)/(0 + 3/(-227754)). Is (-4)/16*i/(-6) a prime number?
True
Suppose 37*z = -9*z - 144127200. Is z/(-160) + 2/4 a prime number?
True
Is -1*((-4833890)/(-8))/(-5) + (-2)/8 prime?
True
Let a(q) = q**3 + 5*q**2 - 1. Let o be a(-3). Suppose b = -o*b + 8874. Is b a composite number?
True
Suppose -5*k - 5 - 17 = -n, n - 22 = -k. Suppose -20997 = -n*z + 13*z. Is z composite?
False
Suppose 5*j + j + 3*j = 3*j. Let c be -3*1*124/(-6). Suppose 5*q + k - 155 = j, 0 = 2*q + 4*k + k - c. Is q composite?
False
Let l(a) = -a**3 - 4*a**2 - 7*a - 8. Let v be l(-3). Suppose -7557 - 1575 = -v*t. Is t a prime number?
False
Let m(y) = 90*y**2 - 9*y - 1072. Is m(-27) a composite number?
False
Suppose -25*c = -30*c + 245. Let b = c + -49. Let o(m) = m**3 - m + 898. Is o(b) composite?
True
Let o = -240425 - -355884. Is o a composite number?
False
Let a be -4 - (1 + 1 - (-46)/(-2)). Let g(c) = 7*c**3 - 17*c - 5. Is g(a) a composite number?
True
Let a(x) = 16*x**2 - x + 41. Let j be a(14). Suppose -5*d - 493 = -j. Is (2 - d/18)/(2/(-6)) a prime number?
True
Let j be (-41171)/(-65) - (-2)/(-5). Suppose -f = 3, -3*f = 4*m - 2866 - j. Is m a prime number?
True
Let h(f) = 8367*f**2 - 10*f - 18. Let n be h(-3). Is n/12*(-96)/(-120) a composite number?
False
Let m be (5/(-20)*4)/(2/(-10)). Is 132003/45*m/3 a composite number?
False
Let z(a) = a**3 - 32*a**2 + 34*a - 65. Let b be z(31). Suppose 23*s - b*s + 12835 = 0. Is s composite?
True
Let h = -1457392 + 2060175. Is h a prime number?
False
Let k = 1542756 + 164525. Is k composite?
True
Suppose 1538 = 2*g - 3860. Is g a composite number?
False
Let c(x) be the second derivative of x**5/10 + x**4/12 + 2*x**3/3 - 4*x**2 - 42*x. Let a = 1 - -2. Is c(a) a prime number?
True
Let b(p) = -8*p**3 + 6*p**2 - 15*p + 22. Let l be b(6). Is -7 - (l + 7 + -8) composite?
True
Suppose 7865501 - 3580573 + 42386401 = 47*z. Is z composite?
True
Let u = 98414 + -19597. Is u a prime number?
False
Suppose 2 = -2*r - 3*c + 6, 5*r = 3*c - 11. Let i be (-3)/((-246)/80 + r - -4). Suppose -794 = -i*z + 38*z. Is z prime?
True
Let v = 15 + -55. Suppose -20*u - 586 = -22*u. Let n = u + v. Is n a composite number?
True
Let v(a) = 2286*a**3 - 2*a**2 - 42*a + 47. Is v(6) a composite number?
True
Suppose 0*q + 1 = q, 0 = 5*o + q - 311. Let n = o - 62. Suppose 5*m - 5*x - 12205 = -n*m, -2*m + 5*x = -4894. Is m a composite number?
False
Let j(z) = -29*z + 2. Let g be j(-4). Let q = 140 - g. Is q*(1 + (-675)/(-10)) a composite number?
True
Suppose -2*a = 2*b - 16, -4*a + 2*b - b = -7. Let h(w) = a + 136*w - 10 + 4. Is h(4) composite?
False
Suppose -2*u - d = -1973013, -204361 = 2*u - 5*d - 2177332. Is u a composite number?
True
Suppose 3*l - 899432 = -20*l + 163605. Is l composite?
False
Is ((-6*1)/(-1))/(-1) + -340 + 68145 a composite number?
True
Let v = 103 - -469. Suppose -5*m = 3*i - v, 4*m = 6 - 26. Is i prime?
True
Let v be 0 - -2 - 3 - 2. Suppose 59*s + 28*s = 31*s + 7056. Is 2/7 + v*(-3936)/s composite?
True
Let y(k) = -2*k**3 + 16*k**2 + 2*k - 13. Let q be y(8). Suppose 0 = -c - c + a + 612, -q*a = -c + 301. Is c composite?
False
Let n(t) = -2*t + 10. Let f be n(-11). Let b = -51 + f. Let u(z) = 3*z**2 + 8*z - 32. Is u(b) a prime number?
False
Let k = -111 - -107. Let u(j) = 61*j - 62*j - 7*j**2 + 13 + 55*j**2. Is u(k) composite?
True
Let d be (-2)/(-8) - (-58)/(-8). Let f(r) = 5*r**3 + r + 1. Let p(w) = 4*w**3 - 2*w**2 + w + 13. Let v(x) = -f(x) + p(x). Is v(d) prime?
True
Is 0/(-4) + (-27)/(-9) + 266348 prime?
True
Let i = 182 - 177. Suppose -u = i*u - 3930. Is u prime?
False
Is (-7)/21*12 + 2 + 8 + 375757 composite?
True
Suppose 0 = 54*n - 469377 - 189369. Is n a composite number?
True
Is (91/(-273))/((-6)/4083*(-3)/(-18)) prime?
True
Let p(c) = 5*c**2 + 2*c - 1. Let q be p(1). Is (63/q)/((-24)/(-3152)) a prime number?
False
Suppose -2*t = 3*z + 154, 4*z - 73 = 5*z + 5*t. Is (5 + 7284/z)/((-1)/4) prime?
True
Let a = 28358 + -19177. Is a a composite number?
False
Let p = 181820 + -53169. Is p a prime number?
False
Let g(y) = 13*y + 149. Suppose 2*r = -3*c + 34, 5*c - 3*r - 82